highest common divisor of 21 and p?
7
Suppose -3*z + 4 = -2*z, 5*f + 2*z - 83 = 0. Calculate the greatest common divisor of f and 75.
15
Let m(y) = -8*y**2 - 47*y + 13. Let x be m(-6). What is the greatest common divisor of 112 and x?
7
Suppose -3*j - 2*d + 97 = -0*d, -4*j - 3*d = -129. Calculate the greatest common factor of j and 55.
11
Suppose -31 - 54 = -5*p. Let z = -7 - -24. Calculate the greatest common divisor of z and p.
17
Let l(f) = -f**2 - 9*f + 16. Let x be l(11). Let y = x - -289. Suppose -3*r + 4*r = 2*h + 3, 5*r - y = -4*h. What is the greatest common divisor of r and 26?
13
Suppose -5*k = 2*l - 36, 25 = l + 2*k + 9. Suppose l*q - 3*q - 195 = 0. Calculate the highest common factor of q and 52.
13
Let p be (-13185)/(-54) - (-1)/(-6). Let a = p - 162. Let c be a/8 + (-2)/8. Calculate the highest common factor of c and 20.
10
Let o = -191 + 219. What is the highest common factor of o and 504?
28
Let b(c) = -3*c**2 - 26*c - 14. Let d be b(-8). Calculate the highest common divisor of d and 3.
1
Suppose 33*w + 38*w = 4899. Calculate the highest common divisor of 9 and w.
3
Suppose -s = -4*k + 167, -k - 3*s + 45 = -0*s. Let o be (-12)/((2/(-42))/(16/12)). What is the highest common divisor of k and o?
42
Suppose 0 = -5*k, -g = 3*g + 5*k - 64. What is the highest common factor of g and 688?
16
Let j(y) = -y**3 - 13*y**2 - 13*y - 9. Let s be j(-12). Suppose -s*n = -7*n + 96. Calculate the highest common divisor of 8 and n.
8
Let y = -76 + 97. What is the highest common factor of y and 14?
7
Let l = 130 + -64. What is the highest common divisor of 154 and l?
22
Let z = -63 - -117. Let o = -32 + z. What is the highest common factor of o and 198?
22
Let b(a) = -a + 12. Let i be b(13). Let q be (3 + -30)*i/3. Calculate the highest common factor of q and 63.
9
Let a be (-2854)/(-38) + (-4)/38. Let b = 108 - a. What is the greatest common divisor of b and 11?
11
Let s(w) = -w**3 + 3*w**2 + 9*w + 13. Let t be s(-3). Calculate the greatest common divisor of 80 and t.
40
Let h(l) be the third derivative of -l**6/15 - l**5/20 - l**4/8 - 2*l**3/3 + 14*l**2. Let a be h(-2). Calculate the highest common divisor of 36 and a.
18
Let v(t) = t**2 + 5*t - 2. Let o be v(2). Calculate the highest common divisor of 20 and o.
4
Suppose 2*d - 759 = -d + 3*y, -2*d = -5*y - 521. Calculate the greatest common divisor of d and 8.
8
Let p(i) = -5*i + 25. Let n be p(-5). Let u be (-276)/(-14) + 8/28. What is the greatest common divisor of u and n?
10
Let c = 195 + -185. Let r(j) = -j**3 - 11*j**2 - 9*j + 14. Let x be r(-10). What is the highest common divisor of x and c?
2
Let h(s) = 89*s**3 + 1. Let l be h(1). Let x(q) = q**2 + 22*q + 142. Let f be x(-8). Calculate the greatest common factor of l and f.
30
Let i(a) = 2*a**3 + 2*a**2 + 2. Let t(p) = -p**3 - p**2 + p - 1. Let g(f) = i(f) + 3*t(f). Let x be g(-3). Calculate the highest common factor of 64 and x.
8
Suppose 0 = -2*r + 412 + 288. Suppose -l + 4*l = 5*z + 47, l + 3*z = 11. Calculate the highest common divisor of r and l.
14
Let z be (-1794050)/(-2915) - 5/((-110)/12). Calculate the greatest common factor of 56 and z.
56
Let w be (1410/(-10))/(((-56)/(-7))/(-8)). Suppose -f - 290 = -4*f + 2*y, -4*f + 5*y = -396. What is the greatest common divisor of f and w?
47
Suppose 2*c + 2*n - 71 - 53 = 0, -269 = -4*c + 3*n. What is the highest common divisor of 95 and c?
5
Suppose 0 = j - 4, -y + 3*j = 3*y - 104. Let b(k) = k**3 + k**2 - 3*k + 29. Let q be b(0). Calculate the highest common factor of y and q.
29
Let i be ((-1)/(-1))/((-94)/(-846)). Suppose -4*b + 1 = -71. Calculate the greatest common factor of i and b.
9
Suppose 5*q + 13*p - 15*p = 122, -2*p = -4*q + 98. What is the greatest common factor of 372 and q?
12
Let s(z) = z**3 + 10*z**2 + z + 10. Let t be s(-10). Suppose w = -t*w - f + 53, -f + 200 = 4*w. Calculate the greatest common divisor of w and 7.
7
Let d = 73 - 65. Let x(r) = -r**3 - 6*r**2 - 3*r + 6. Let t be x(-6). What is the greatest common factor of d and t?
8
Let q(t) = -4*t**2 + 3 + 2 - 11*t**2 + t**3 + 0*t**3. Let y be q(15). Suppose 30 = -4*v + y*v. Calculate the greatest common divisor of 75 and v.
15
Suppose -24 = -5*x + x. Let m be (-10)/(-1 + x) - -20. Calculate the greatest common factor of 36 and m.
18
Let v(b) = -b**3 - 3*b**2 - b - 2. Let j = 56 - 60. Let l be v(j). Calculate the greatest common divisor of l and 81.
9
Let d = 4 + 0. Suppose -p = -52 + 52. Suppose -10 = -p*j + 5*j, 0 = 3*b + 4*j + 5. Calculate the highest common divisor of b and d.
1
Let y be ((-123)/6 + -3)*-2. What is the greatest common divisor of y and 2491?
47
Let l be (130/(-20))/((-2)/4). Suppose -4*x + 537 - 173 = 0. What is the greatest common divisor of l and x?
13
Let b be 5/((-30)/(-28))*3. Let j be b + -12 + 3/1. Calculate the highest common divisor of 45 and j.
5
Let w be 1/(3/166) - (-20)/(-60). Let p = -12 + 34. Calculate the greatest common factor of p and w.
11
Suppose -15 - 1 = 8*d. Let m(z) = 5*z**2 - z + 3. Let u be m(d). Let j be 222/(2/2) + 3. What is the greatest common factor of j and u?
25
Let f(v) = -v + 13. Let j be f(9). Suppose 0 = -5*z - 2*r + 45, -z = -3*z + j*r - 6. Calculate the greatest common factor of 14 and z.
7
Suppose 1214 - 206 = 9*r. What is the highest common factor of r and 616?
56
Suppose 0*j - j = 3*x + 15, -3*j - 27 = 3*x. Let i be (j/(-4))/((-42)/(-28)). Suppose l = -i + 19. Calculate the highest common factor of l and 2.
2
Suppose 5*a - 12 = 4*d - d, 3*d = -12. Let i(b) = b + 138. Let q be i(a). Suppose q + 30 = 3*n. Calculate the highest common factor of n and 8.
8
Let a(f) = -f - 8. Suppose -2 - 28 = 6*x. Let u be a(x). Let y be (0 - -1)/(u/(-96)). Calculate the greatest common factor of 4 and y.
4
Suppose -5*h = -j + 55, 0 = -4*j + h + 303 - 26. What is the highest common factor of 440 and j?
10
Let f(x) = 166*x + 1. Let u be f(1). Let i = -117 + u. What is the greatest common divisor of i and 20?
10
Let k be (-22)/(-8) + 4/16. Let d(w) = w**2 - 10*w - 2. Let b be d(9). Let j = b - -12. Calculate the greatest common divisor of j and k.
1
Suppose -115*m + 114*m + 448 = 0. What is the highest common divisor of m and 48?
16
Suppose 0 = 13*i - 3*i - 280. Calculate the highest common factor of 532 and i.
28
Suppose 5*d - 730 = -4*a, 5*d = a + 2*a + 765. Calculate the greatest common divisor of d and 6.
6
Suppose -j + 4*j - 42 = 0. Suppose -2*s + 10 = 3*s. Suppose 3*d - 464 = c, s*d + d - 2*c = 466. What is the greatest common divisor of d and j?
14
Let b = 829 - 761. Calculate the highest common factor of b and 391.
17
Let s(k) = k**3 + 6*k**2 - 2*k - 5. Suppose 0 = -2*j + j - 2*h - 6, h = 0. Let f be s(j). Let c be (-21)/6*-2*1. What is the highest common factor of c and f?
7
Suppose -57*x + 1617 = -17877. Calculate the greatest common divisor of 152 and x.
38
Let q be -37*1*(3 + -2). Let x = -16 - q. Let a(o) = o**2 + 42. Let u be a(0). What is the greatest common divisor of u and x?
21
Let z(o) = 27*o**2 - 2*o + 2. Let k be z(1). Let q = -274 - -490. Calculate the highest common divisor of q and k.
27
Suppose v = 1, -5*l - 3*v = -17 - 56. Let d(a) = 6*a**3 - 3*a**2 + 5*a + 4. Let q be d(3). What is the greatest common divisor of l and q?
14
Suppose -9*g + 144 = -2151. Calculate the highest common factor of g and 30.
15
Suppose 0 = -7*k + 3*k + 736. Let a = 373 - k. Suppose -2*w = -a - 11. What is the highest common divisor of 10 and w?
10
Suppose -4*g - 3*y - 731 = -2296, 0 = -3*g - 2*y + 1174. Calculate the highest common divisor of g and 343.
49
Suppose 4*i + 99 = 319. Let o be (-42 - -5 - 7)*(-1)/2. What is the greatest common factor of i and o?
11
Let s be 7/((-21)/12) + 4. Suppose 2*z + s*z + 8 = 0, -6 = c + 3*z. Let w be ((-12)/15)/((-2)/135). What is the greatest common factor of w and c?
6
Suppose -393 + 141 = -14*v. Calculate the greatest common factor of 42 and v.
6
Let h(u) = 6*u + 316. Let n be h(-39). What is the greatest common factor of 1517 and n?
41
Let w(u) = u**2 + u - 1. Let n(a) = -32*a**3 - 5*a**2 - 7*a + 5. Let f(p) = -n(p) - 6*w(p). Let l be f(1). Calculate the highest common divisor of 33 and l.
33
Let a be (-6)/(1497/(-744) - -2). Calculate the highest common factor of 1364 and a.
124
Suppose 4*f - p = 4*p - 7, 2*f - 5*p = -1. Let x b